 the units digit of t?
0
Suppose 8*c = 10*c - 24. Suppose 0 = -k - k + c. Let i = 6 + k. What is the tens digit of i?
1
Let n(m) = 5*m + 1. Let l be n(-1). What is the units digit of 89 - ((-1 - -1)/l + -1)?
0
Let r = -193 - -313. What is the units digit of r?
0
Let n(v) = v**2 + 6*v + 2. Let q be n(-5). Let c(r) = r**3 + 2*r**2 - r + 2. Let y be c(q). What is the units digit of y/(1 - 5)*23?
3
Let v(w) = -w**3 + 2 - 18*w + 6*w - 6*w**2 + 13*w. Let h be v(-6). What is the tens digit of h/22 + (-1785)/(-77)?
2
Suppose -20 = 4*i - 9*i. Suppose -f - 39 = -i*f. Suppose -4*r + 41 = f. What is the units digit of r?
7
Let c = -10 - -12. Suppose 2*w + q - 3*q - 32 = 0, -q = c*w - 20. What is the tens digit of w?
1
Let n be (-4)/(-14) - (-351)/21. Let k(g) = -2*g + 38. What is the units digit of k(n)?
4
Suppose -3*s - s = o - 26, -27 = -3*s + 3*o. Let m = s + -5. Suppose 12 = m*g + 3*f - 2*f, -4*f = 0. What is the units digit of g?
6
Let h be (-8)/7*28/(-8). Suppose h - 127 = -3*v. What is the units digit of v?
1
Suppose 464 = 19*g - 5521. What is the units digit of g?
5
Let h = -17 - -22. Suppose h*g + 3*i = 149, g - 31 = i - 2*i. Let z = g + -14. What is the tens digit of z?
1
Let q(r) = 2*r**2 - 8*r + 30. What is the hundreds digit of q(-26)?
5
Suppose 0*j + 2*j + 3*r = 6945, 3*j - 10415 = -5*r. What is the hundreds digit of j/50*(-5)/(-2)?
1
Suppose -92 = -3*h + 4*p, -2*h - 2*h + 156 = 3*p. What is the units digit of h?
6
Suppose -16*k + 23327 - 1007 = 0. What is the units digit of k?
5
Suppose o = 54 + 33. Let d = o - 32. What is the units digit of d?
5
Suppose 0 = -31*o + 28*o - 150. What is the units digit of 70/o*(-10)/2?
7
Suppose 3*k + 0*o - 23 = -4*o, 3*k - 3*o = 9. Suppose -2*m - m + 222 = -k*q, -m + 44 = -q. Let s = -32 - q. What is the tens digit of s?
1
Let m(d) = -d - 7. Let g be m(-6). Suppose 12*s - 14*s - 22 = 0. What is the tens digit of 3/(-3) - (g + s)?
1
Suppose 4*n - 4*m = 116, 3*n = 8*n + 3*m - 129. Let k(f) = -4*f - 11. Let i be k(-6). Let p = n - i. What is the units digit of p?
4
Let k = -30 - -35. Suppose -2*v + p = -31, k*p + 51 = 5*v - 3*v. What is the units digit of v?
3
Let l = 701 - -1459. What is the tens digit of l?
6
Suppose 7532 = 5*v + p - 9911, -5*v + 17434 = -2*p. What is the tens digit of v?
8
Let n be (-15)/(-2) - (-9)/18. Let w = 59 - n. What is the tens digit of w?
5
Let v(k) = -556*k**2 - 2. Let o be v(-1). Let i = -380 - o. What is the units digit of i?
8
Let w(p) = 541*p - 7. What is the tens digit of w(1)?
3
Let w(s) = -5 - 4*s + 6*s**3 - 3*s**2 + 2 - 12*s**3 + 5*s**3. Let n be w(-2). What is the units digit of n + (0 + 27 - -4)?
2
Let r = 12027 + -5901. What is the tens digit of r?
2
Let l(w) = 2*w**2 + w + 1. Let z be l(0). Suppose -2*t - z = -t. Let s(a) = -7*a - 1. What is the units digit of s(t)?
6
Suppose -4*j + 14 = -2. Suppose 0 = -2*y + j*y + 2. What is the units digit of (-30)/(-3 + 0) + y?
9
Suppose 2*l = 2*b + 18, -5*b + l - 37 = -4. Let a(p) = p**3 + 11*p**2 - 21*p + 32. Let z be a(-13). What is the units digit of z/b*(-8)/(-2)?
2
Let t(k) = -k**3 + 3*k**2 + 9*k + 5. Let s be t(5). Suppose 111*r - 115*r + 268 = s. What is the units digit of r?
7
Let f be (-6)/(2 + 22) - (-1)/4. What is the tens digit of (f + 2/(-4))*-274?
3
Suppose 25*l = 74644 + 3231. What is the thousands digit of l?
3
Suppose 3*d - 4*b + 34 = 0, d = -d + 3*b - 23. Let h be (d + 2)/(-2) - -58. What is the units digit of (-2)/4*0 + h?
2
Let y(r) = -93*r + 42. What is the units digit of y(-23)?
1
Let c = 228 + -62. Suppose 5 = -2*x + 11. Suppose 4*u + 3*p - c = 0, 192 = 5*u - p - x*p. What is the tens digit of u?
4
Let m = 31 - 26. Suppose -5*c + 2*c - b + 156 = 0, -m*c - 3*b = -256. Suppose -75 - c = -2*k + 5*l, 5*k = 3*l + 301. What is the tens digit of k?
5
What is the units digit of 105/(-6)*56/(-5)?
6
Let x(d) = 6*d**3 - 9*d**2 - 3*d + 17. Let k(t) = 5*t**3 - 10*t**2 - 2*t + 17. Let j(a) = -5*k(a) + 4*x(a). What is the units digit of j(12)?
7
Suppose 5*s - 11934 = -3*z - 0*z, 4*s = 0. What is the units digit of z?
8
What is the tens digit of (413/2 - (17 - 16))*2?
1
Let w(t) = 115*t**2 - 11*t - 29. What is the hundreds digit of w(-5)?
9
What is the hundreds digit of 4 + (5 + -22)/(3/(-51))?
2
Let y = -444 + 933. What is the tens digit of y?
8
Let b(m) = m**3 + 6*m**2 + 6*m + 7. Let h be b(-5). Suppose 3*i = -p + 201, h*p = 4*i - 0*p - 258. What is the tens digit of i?
6
Let i(t) = -27*t - 65. What is the units digit of i(-15)?
0
Suppose -15 = 3*a - n, -n = -3*a + 2*a - 3. Let j = a + 8. Let o(r) = 7*r**3 - r**2 + 2*r + 1. What is the units digit of o(j)?
7
Suppose 4*i = 4*k - 17654 + 6410, i - 11269 = -4*k. What is the tens digit of k?
1
Suppose 2*b = -0*a - 3*a + 22, a - 2*b = -6. Suppose -2*f + 12 = q + a, 2*f - 24 = 3*q. Suppose -5*c - 20 = -f*c. What is the units digit of c?
0
Suppose -9*h = -14*h - 3*m + 16777, 5*h - 3*m - 16783 = 0. What is the thousands digit of h?
3
Let a(n) = 9*n**3 + 2*n**2 - n. Let x be (-100)/(-40) + 3/(-2). What is the tens digit of a(x)?
1
Let q = 1345 - 857. Suppose 7*b - 604 = q. What is the units digit of b?
6
Suppose 4*m + 82 = 2*p, 52 - 128 = 4*m + 4*p. What is the tens digit of (-47)/(-2) - (-10)/m?
2
What is the hundreds digit of 7 + (695 - 6) + 7?
7
What is the tens digit of (-8)/(-14) + (-8 - (-27118)/49)?
4
Let f(x) = -7*x**3 + 240*x**2 + 26*x - 22. What is the units digit of f(34)?
4
Let g(v) = -v**3 - 2*v**2 - v + 2. Let p be g(-2). Suppose -296*o + 288*o = 0. Suppose o = -p*q + q + 108. What is the units digit of q?
6
Suppose -7*y + 43 = -6*y. Suppose 2*i - 5*l - 71 = 0, 3*i + 3*l - y = 11. What is the units digit of i?
3
Let f(r) = 5*r + 15. Let b be f(5). Let v = b - 24. What is the tens digit of v?
1
Let v = 14 - 15. Let g be (36/14)/(v/(-7)). Let f = g + -9. What is the units digit of f?
9
Let t be -14*-1*2/(-4). Let u = t - -12. Suppose -2*d + 21 = 3*b - 5*d, -2*d = -u*b + 47. What is the units digit of b?
1
Let o be (-5)/40 + (-129)/(-8). Suppose -4*k + 16 = -o. What is the units digit of k?
8
Let o(z) = -2*z - 1. Let h be o(-2). Let q = -25 + 37. Suppose v - q = -2*y + 26, -h*v + 5*y + 59 = 0. What is the tens digit of v?
2
Let b(d) = -2*d**3 + 60*d**2 - 54*d + 16. Let n be b(29). Let u = -3 - -5. Suppose 12 - n = -u*g. What is the tens digit of g?
6
Suppose -2*d + 2818 = -3*x, d = 5*x + 2100 - 698. What is the tens digit of d?
1
Suppose -6*m + m - 2*d = 205, 0 = 5*d + 25. Let u = 61 + m. Let c = 45 - u. What is the tens digit of c?
2
Let w(d) be the first derivative of d**4 + 5*d**3/3 - 24*d - 31. What is the hundreds digit of w(4)?
3
Suppose 8*c = -15*c + 3749. What is the hundreds digit of c?
1
Let l(q) = q**2 + 4*q - 7. Let o be l(4). Let b = -27 + 29. Suppose 0 = -b*u - 2*s + o - 1, 0 = -2*s + 8. What is the units digit of u?
8
Let t(j) = 27*j**3 - 9*j**2 + 10*j + 31. What is the thousands digit of t(5)?
3
Let l(z) = 2*z**2 - 6*z + 18. Let u be l(7). Let f = -21 + u. What is the units digit of f?
3
Let x = -480 - -798. Suppose 2*s = x + 102. What is the units digit of s?
0
Let t be -1*((-268)/(-4) - -3). Let v be (-14)/t + 24/5. Suppose v*l - 144 = -2*x, 4*x + l = 6*l + 288. What is the units digit of x?
2
Let u be 90/(-36)*(-24)/10. Suppose -5*n + 2*w - u*w + 151 = 0, -2*w - 2 = 0. What is the tens digit of n?
3
Let h(u) = -u + 7. Let y be h(12). Let w = y - -21. What is the tens digit of 2*(-4)/w*-86?
4
Suppose -4*g - 16 = -p - 0*p, p = -4. What is the units digit of (-234)/(-48) + g + 1345/8?
8
Let q(v) = 47*v**2 + 43*v + 171. What is the thousands digit of q(-6)?
1
Suppose -3*d + 5*j - 1163 = -4*d, 5*d = -4*j + 5920. What is the thousands digit of d?
1
Let y(b) = -5 - 4*b**3 - b + 7 - 1 - 3*b**2. Suppose -4*i + 24 = -2*x, -35*i - 16 = -2*x - 39*i. What is the units digit of y(x)?
3
Let l = 844 - -274. What is the tens digit of (-1*1)/((-13)/l) - 3?
8
Suppose -2003 = -2*d + 2833. What is the tens digit of d?
1
What is the hundreds digit of -96*1*2*14/(-12)?
2
Let x = -82 - -4378. What is the thousands digit of x?
4
Let f(w) = 4*w + 1. Let q be f(-1). Let u be (0 - 23) + (q - -4). Let p = 11 - u. What is the tens digit of p?
3
Let w(u) = 11*u**3 - 7*u**2 + 2*u - 27. What is the tens digit of w(7)?
1
Suppose 0 = 5*v + 3*i + 75, 0 = 2*i + i - 15. What is the t